
{"id":8383,"date":"2024-06-05T01:02:53","date_gmt":"2024-06-05T07:02:53","guid":{"rendered":"https:\/\/tiendas.ecopipo.com\/ecoempatia-bebe\/producto\/panal-premium-velcro-safari\/"},"modified":"2025-09-15T18:35:36","modified_gmt":"2025-09-16T00:35:36","slug":"panal-premium-velcro-safari","status":"publish","type":"product","link":"https:\/\/tiendas.ecopipo.com\/ecoempatia-bebe\/producto\/panal-premium-velcro-safari\/","title":{"rendered":"Pa\u00f1al Premium Velcro Safari"},"content":{"rendered":"<p>Nuestro pa\u00f1al premium es el m\u00e1s completo del mercado, incluye tres absorbentes, es unitalla, es decir, crece con tu beb\u00e9, muy f\u00e1cil de lavar y lo puedes ajustar a la cintura con velcros o con broches, tiene doble barrera antiescurrimiento y est\u00e1 elaborado con telas certificadas y libres de qu\u00edmicos t\u00f3xicos.<\/p>\n","protected":false},"excerpt":{"rendered":"<p>Nuestro pa\u00f1al premium es el m\u00e1s completo del mercado, incluye tres absorbentes, es unitalla, es decir, crece con tu beb\u00e9, muy f\u00e1cil de lavar y lo puedes ajustar a la cintura con velcros o con broches, tiene doble barrera antiescurrimiento y est\u00e1 elaborado con telas certificadas y libres de qu\u00edmicos t\u00f3xicos.<\/p>\n","protected":false},"featured_media":0,"template":"","meta":[],"product_cat":[385],"product_tag":[],"giftcard-category":[],"class_list":{"0":"post-8383","1":"product","2":"type-product","3":"status-publish","5":"product_cat-fuera-de-catalogo","7":"first","8":"instock","9":"shipping-taxable","10":"purchasable","11":"product-type-simple"},"_links":{"self":[{"href":"https:\/\/tiendas.ecopipo.com\/ecoempatia-bebe\/wp-json\/wp\/v2\/product\/8383","targetHints":{"allow":["GET"]}}],"collection":[{"href":"https:\/\/tiendas.ecopipo.com\/ecoempatia-bebe\/wp-json\/wp\/v2\/product"}],"about":[{"href":"https:\/\/tiendas.ecopipo.com\/ecoempatia-bebe\/wp-json\/wp\/v2\/types\/product"}],"wp:attachment":[{"href":"https:\/\/tiendas.ecopipo.com\/ecoempatia-bebe\/wp-json\/wp\/v2\/media?parent=8383"}],"wp:term":[{"taxonomy":"product_cat","embeddable":true,"href":"https:\/\/tiendas.ecopipo.com\/ecoempatia-bebe\/wp-json\/wp\/v2\/product_cat?post=8383"},{"taxonomy":"product_tag","embeddable":true,"href":"https:\/\/tiendas.ecopipo.com\/ecoempatia-bebe\/wp-json\/wp\/v2\/product_tag?post=8383"},{"taxonomy":"giftcard-category","embeddable":true,"href":"https:\/\/tiendas.ecopipo.com\/ecoempatia-bebe\/wp-json\/wp\/v2\/giftcard-category?post=8383"}],"curies":[{"name":"wp","href":"https:\/\/api.w.org\/{rel}","templated":true}]}}