
{"id":6944,"date":"2023-04-11T14:51:15","date_gmt":"2023-04-11T20:51:15","guid":{"rendered":"https:\/\/ecopipo.com\/tienda\/lactacorazon\/producto\/absorbente-bambu-g2\/"},"modified":"2025-03-06T22:48:31","modified_gmt":"2025-03-07T04:48:31","slug":"absorbente-bambu-g2","status":"publish","type":"product","link":"https:\/\/tiendas.ecopipo.com\/lactacorazon\/producto\/absorbente-bambu-g2\/","title":{"rendered":"Absorbente Bamb\u00fa G2"},"content":{"rendered":"","protected":false},"excerpt":{"rendered":"<p>Esta fabricado de 3 capas de bambu fleece para a\u00f1adir una excelente absorci\u00f3n a tus pa\u00f1ales.<\/p>\n","protected":false},"featured_media":0,"template":"","meta":[],"product_cat":[388,427,385,422],"product_tag":[],"giftcard-category":[],"class_list":{"0":"post-6944","1":"product","2":"type-product","3":"status-publish","5":"product_cat-absorbente","6":"product_cat-bambu","7":"product_cat-fuera-de-catalogo","8":"product_cat-g2","10":"first","11":"instock","12":"shipping-taxable","13":"purchasable","14":"product-type-simple"},"_links":{"self":[{"href":"https:\/\/tiendas.ecopipo.com\/lactacorazon\/wp-json\/wp\/v2\/product\/6944","targetHints":{"allow":["GET"]}}],"collection":[{"href":"https:\/\/tiendas.ecopipo.com\/lactacorazon\/wp-json\/wp\/v2\/product"}],"about":[{"href":"https:\/\/tiendas.ecopipo.com\/lactacorazon\/wp-json\/wp\/v2\/types\/product"}],"wp:attachment":[{"href":"https:\/\/tiendas.ecopipo.com\/lactacorazon\/wp-json\/wp\/v2\/media?parent=6944"}],"wp:term":[{"taxonomy":"product_cat","embeddable":true,"href":"https:\/\/tiendas.ecopipo.com\/lactacorazon\/wp-json\/wp\/v2\/product_cat?post=6944"},{"taxonomy":"product_tag","embeddable":true,"href":"https:\/\/tiendas.ecopipo.com\/lactacorazon\/wp-json\/wp\/v2\/product_tag?post=6944"},{"taxonomy":"giftcard-category","embeddable":true,"href":"https:\/\/tiendas.ecopipo.com\/lactacorazon\/wp-json\/wp\/v2\/giftcard-category?post=6944"}],"curies":[{"name":"wp","href":"https:\/\/api.w.org\/{rel}","templated":true}]}}