
{"id":2966,"date":"2022-09-28T23:55:11","date_gmt":"2022-09-28T23:55:11","guid":{"rendered":"https:\/\/ecopipo.com\/tienda\/moms-babies\/?page_id=2966"},"modified":"2022-09-29T15:56:58","modified_gmt":"2022-09-29T15:56:58","slug":"aviso-de-privacidad","status":"publish","type":"page","link":"https:\/\/tiendas.ecopipo.com\/moms-babies\/aviso-de-privacidad\/","title":{"rendered":"Aviso de privacidad"},"content":{"rendered":"<p>[vc_row css=&#8221;.vc_custom_1664315537834{padding-top: 40px !important;}&#8221;][vc_column]   \r\n    <div class=\"arrowpress_container  custom-heading-2\">  \r\n<div  data-arrowpress-target='arrowpress_heading-775461545'  data-arrowpress-csstarget='h2'  data-arrowpress-responsive-tablet='{\"font-size\":\"35px\",\"line-height\":\"px !important\"}'  data-arrowpress-responsive-tablet-port='{\"font-size\":\"35px\",\"line-height\":\"px !important\"}'  data-arrowpress-responsive-mob-land='{\"font-size\":\"35px\",\"line-height\":\"px !important\"}'  data-arrowpress-responsive-mob='{\"font-size\":\"px\",\"line-height\":\"px !important\"}'  class=\"arrowpress-heading  heading-1 arrowpress_heading-775461545 animated show-animate \r\n\ttext-center\t\t\t\tleft-pos\t\t\t\" data-animation-delay=\"1000\" data-animation=\"fadeInUp\">\r\n\t\t\t\r\n\t\t\t\t\t\t\t\t\t\t\t\t\t\t\t<h2 class=\"title-heading\" style=\"font-family:Raleway; font-weight:600; font-style:normal; color:#ffffff; font-size:35px; line-height:40px; \">\r\n\t\t\t\t\t\tAviso de privacidad\t\t\t\t\t<\/h2>\r\n\t\t\t\t\t\t\t\t\t\r\n\t\t\t\r\n<\/div>\r\n<\/div>\n<div class='gambit_gradient_bg' data-color1='#643887' data-color2='#b9017d' data-angle='60'><\/div>[\/vc_column][\/vc_row][vc_row wrap_container=&#8221;yes&#8221; css=&#8221;.vc_custom_1664408746040{padding-top: 40px !important;padding-bottom: 40px !important;background: #ffffff url(https:\/\/tiendas.ecopipo.com\/moms-babies\/wp-content\/uploads\/2022\/06\/Ecopipo_Footer_70.png?id=2131) !important;}&#8221;][vc_column][vc_column_text]<\/p>\n<p class=\"aviso\">Con fundamento en los art\u00edculos 15 y 16 de la Ley Federal de Protecci\u00f3n de Datos Personales en Posesi\u00f3n de Particulares hacemos de su conocimiento que ECOPIPO con domicilio en Boulevard Arandas 1691-A, Fracc. El Cortijo Irapuato, M\u00e9xico. es responsable de recabar sus datos personales, del uso que se le d\u00e9 a los mismos y de su protecci\u00f3n.<\/p>\n<p class=\"aviso\">Su informaci\u00f3n personal ser\u00e1 utilizada para las siguientes finalidades: proveer los servicios y productos que ha solicitado; notificarle sobre nuevos servicios o productos que tengan relaci\u00f3n con los ya contratados o adquiridos; comunicarle sobre cambios en los mismos; elaborar estudios y programas que son necesarios para determinar h\u00e1bitos de consumo; realizar evaluaciones peri\u00f3dicas de nuestros productos y servicios a efecto de mejorar la calidad de los mismos; evaluar la calidad del servicio que brindamos, y en general, para dar cumplimiento a las obligaciones que hemos contra\u00eddo con usted.<\/p>\n<p class=\"aviso\">Para las finalidades antes mencionadas, requerimos obtener los siguientes datos personales:<\/p>\n<ul>\n<li class=\"avisolist\"><strong>Nombre(s)<\/strong><\/li>\n<li class=\"avisolist\"><strong>Apellidos<\/strong><\/li>\n<li class=\"avisolist\"><strong>Direcci\u00f3n de env\u00edo<\/strong><\/li>\n<li class=\"avisolist\"><strong>Direcci\u00f3n de facturaci\u00f3n<\/strong><\/li>\n<li class=\"avisolist\"><strong>Direcci\u00f3n de correo electr\u00f3nico<\/strong><\/li>\n<li class=\"avisolist\"><strong>N\u00famero telef\u00f3nico<\/strong><\/li>\n<li class=\"avisolist\"><strong>Datos de tarjeta de cr\u00e9dito o d\u00e9bito (a trav\u00e9s de PayPal).<\/strong><\/li>\n<\/ul>\n<p class=\"aviso\">Es importante informarle que usted tiene derecho al Acceso, Rectificaci\u00f3n y Cancelaci\u00f3n de sus datos personales, a Oponerse al tratamiento de los mismos o a revocar el consentimiento que para dicho fin nos haya otorgado.<\/p>\n<p class=\"aviso\">Importante: Cualquier modificaci\u00f3n a este Aviso de Privacidad podr\u00e1 consultarlo en <a href=\"https:\/\/ecopipo.com\">https:\/\/ecopipo.com<\/a><\/p>\n<p>[\/vc_column_text][vc_column_text]<\/p>\n<h5 style=\"font-size: 20px; font-weight: bold; margin-bottom: 15px;\">DERECHOS ARCO (ACCESO, RECTIFICACI\u00d3N, CANCELACI\u00d3N Y OPOSICI\u00d3N)<\/h5>\n<p class=\"aviso\">Los datos personales proporcionados por el usuario formar\u00e1n parte de un archivo que contendr\u00e1 su perfil. El usuario puede acceder o modificar su perfil en cualquier momento accediendo al mismo.<\/p>\n<p class=\"aviso\">Para ello, es necesario que env\u00ede la solicitud en los t\u00e9rminos que marca la Ley en su Art. 29 a Departamento de Ventas, responsable de nuestro Departamento de Protecci\u00f3n de Datos Personales, ubicado en Boulevard Arandas 1691-A, Fracc. El Cortijo Irapuato, M\u00e9xico., o bien, se comunique al tel\u00e9fono 01 (462) 1350270 o v\u00eda correo electr\u00f3nico ainfo@ecopipo.com.mx, el cual solicitamos confirme v\u00eda telef\u00f3nica para garantizar su correcta recepci\u00f3n.<\/p>\n<p class=\"aviso\">Su petici\u00f3n deber\u00e1 ir acompa\u00f1ada de los fundamentos por los que hace uso de sus derechos ARCO y un documento oficial de identificaci\u00f3n personal. En un plazo m\u00e1ximo de 20 (veinte) d\u00edas h\u00e1biles atenderemos su solicitud y le informaremos sobre la procedencia de la misma a trav\u00e9s del correo electr\u00f3nico del que provenga la petici\u00f3n.<\/p>\n<p class=\"aviso\">ECOPIPO aconseja al usuario que actualice sus datos cada vez que \u00e9stos sufran alguna modificaci\u00f3n, ya que esto permitir\u00e1 brindarle un servicio m\u00e1s eficiente y personalizado.<\/p>\n<p>[\/vc_column_text][vc_column_text]<\/p>\n<h5 style=\"font-size: 20px; font-weight: bold; margin-bottom: 15px;\">TRANSFERENCIAS DE INFORMACI\u00d3N CON TERCEROS<\/h5>\n<p class=\"aviso\">ECOPIPO puede transferir sus datos de contacto a los miembros de la red de distribuidores de ECOPIPO en su localidad para dar seguimiento y atenci\u00f3n personalizada a sus necesidades.<\/p>\n<p class=\"aviso\">ECOPIPO no realiza ning\u00fan otro tipo de transferencia de informaci\u00f3n con terceros.<\/p>\n<p>[\/vc_column_text][vc_column_text]<\/p>\n<h5 style=\"font-size: 20px; font-weight: bold; margin-bottom: 15px;\">DATOS PERSONALES SENSIBLES<\/h5>\n<p class=\"aviso\">ECOPIPO no solicita datos personales sensibles en su sitio web.<\/p>\n<p class=\"aviso\">Fecha de \u00faltima actualizaci\u00f3n: 24\/09\/2012.<\/p>\n<p>[\/vc_column_text][\/vc_column][\/vc_row]<\/p>\n","protected":false},"excerpt":{"rendered":"<p>[vc_row css=&#8221;.vc_custom_1664315537834{padding-top: 40px !important;}&#8221;][vc_column][\/vc_column][\/vc_row][vc_row wrap_container=&#8221;yes&#8221; css=&#8221;.vc_custom_1664408746040{padding-top: 40px !important;padding-bottom: 40px !important;background: #ffffff url(https:\/\/tiendas.ecopipo.com\/moms-babies\/wp-content\/uploads\/2022\/06\/Ecopipo_Footer_70.png?id=2131) !important;}&#8221;][vc_column][vc_column_text] Con fundamento en los art\u00edculos 15 y 16 de la Ley Federal de Protecci\u00f3n de Datos Personales [&hellip;]<\/p>\n","protected":false},"author":1,"featured_media":0,"parent":0,"menu_order":0,"comment_status":"closed","ping_status":"closed","template":"","meta":{"footnotes":""},"class_list":["post-2966","page","type-page","status-publish","hentry"],"_links":{"self":[{"href":"https:\/\/tiendas.ecopipo.com\/moms-babies\/wp-json\/wp\/v2\/pages\/2966","targetHints":{"allow":["GET"]}}],"collection":[{"href":"https:\/\/tiendas.ecopipo.com\/moms-babies\/wp-json\/wp\/v2\/pages"}],"about":[{"href":"https:\/\/tiendas.ecopipo.com\/moms-babies\/wp-json\/wp\/v2\/types\/page"}],"author":[{"embeddable":true,"href":"https:\/\/tiendas.ecopipo.com\/moms-babies\/wp-json\/wp\/v2\/users\/1"}],"replies":[{"embeddable":true,"href":"https:\/\/tiendas.ecopipo.com\/moms-babies\/wp-json\/wp\/v2\/comments?post=2966"}],"version-history":[{"count":10,"href":"https:\/\/tiendas.ecopipo.com\/moms-babies\/wp-json\/wp\/v2\/pages\/2966\/revisions"}],"predecessor-version":[{"id":3023,"href":"https:\/\/tiendas.ecopipo.com\/moms-babies\/wp-json\/wp\/v2\/pages\/2966\/revisions\/3023"}],"wp:attachment":[{"href":"https:\/\/tiendas.ecopipo.com\/moms-babies\/wp-json\/wp\/v2\/media?parent=2966"}],"curies":[{"name":"wp","href":"https:\/\/api.w.org\/{rel}","templated":true}]}}