
{"id":3297,"date":"2022-11-01T09:42:53","date_gmt":"2022-11-01T15:42:53","guid":{"rendered":"https:\/\/ecopipo.com\/tienda\/moms-babies\/?post_type=product&#038;p=3297"},"modified":"2025-04-06T00:02:52","modified_gmt":"2025-04-06T06:02:52","slug":"panal-nocturno","status":"publish","type":"product","link":"https:\/\/tiendas.ecopipo.com\/moms-babies\/producto\/panal-nocturno\/","title":{"rendered":"Pa\u00f1al Nocturno"},"content":{"rendered":"<p>Nuestro pa\u00f1al nocturno est\u00e1 especialmente dise\u00f1ado para brindarte absorci\u00f3n cont\u00ednua por las noches, \u00a1puede llegar a durar puesto m\u00e1s de 8 horas! Es unitalla, por lo que lo puedes usar desde que tu beb\u00e9 pesa 3.5 kg. hasta los 16 kg., est\u00e1 fabricado con telas certificadas que cuidan su piel, tiene un efecto de terciopelo para mayor comodidad, es muy suave al tacto y no contiene qu\u00edmicos t\u00f3xicos. Incluye dos absorbentes: uno largo para que lo dobles en dos o tres partes y broches para sujetarlo al pa\u00f1al y un absorbente corto. Al ser un pa\u00f1al de extrema absorci\u00f3n, requiere de una cubierta impermeable Ecopipo para su uso, misma que se vende por separado. Si quieres que tenga efecto siempre seco, puedes utilizar un liner de tela coloc\u00e1ndolo encima de los absorbentes y en contacto con la piel de tu beb\u00e9. Tambi\u00e9n te recomendamos lavarlo en lavadora con detergente para pa\u00f1ales Ecopipo o cualquier otro biodegradable en ciclo muy sucio junto con tus otros pa\u00f1ales diurnos y separados de la ropita de tu beb\u00e9.<\/p>\n","protected":false},"excerpt":{"rendered":"<p>Tu mejor aliado por las noches es nuestro pa\u00f1al nocturno, te brindar\u00e1 m\u00e1s de 8 horas de absorci\u00f3n cont\u00ednua, su tela con efecto terciopelo brindar\u00e1 suavidad y comodidad a tu beb\u00e9 y lo mejor es que es unitalla. Al utilizarlo debes colocar una cubierta impermeable Ecopipo.<\/p>\n","protected":false},"featured_media":8335,"template":"","meta":[],"product_cat":[153],"product_tag":[],"giftcard-category":[],"class_list":{"0":"post-3297","1":"product","2":"type-product","3":"status-publish","4":"has-post-thumbnail","6":"product_cat-bebes","8":"first","9":"instock","10":"taxable","11":"shipping-taxable","12":"purchasable","13":"product-type-variable","14":"rtwpvg-product"},"_links":{"self":[{"href":"https:\/\/tiendas.ecopipo.com\/moms-babies\/wp-json\/wp\/v2\/product\/3297","targetHints":{"allow":["GET"]}}],"collection":[{"href":"https:\/\/tiendas.ecopipo.com\/moms-babies\/wp-json\/wp\/v2\/product"}],"about":[{"href":"https:\/\/tiendas.ecopipo.com\/moms-babies\/wp-json\/wp\/v2\/types\/product"}],"wp:featuredmedia":[{"embeddable":true,"href":"https:\/\/tiendas.ecopipo.com\/moms-babies\/wp-json\/wp\/v2\/media\/8335"}],"wp:attachment":[{"href":"https:\/\/tiendas.ecopipo.com\/moms-babies\/wp-json\/wp\/v2\/media?parent=3297"}],"wp:term":[{"taxonomy":"product_cat","embeddable":true,"href":"https:\/\/tiendas.ecopipo.com\/moms-babies\/wp-json\/wp\/v2\/product_cat?post=3297"},{"taxonomy":"product_tag","embeddable":true,"href":"https:\/\/tiendas.ecopipo.com\/moms-babies\/wp-json\/wp\/v2\/product_tag?post=3297"},{"taxonomy":"giftcard-category","embeddable":true,"href":"https:\/\/tiendas.ecopipo.com\/moms-babies\/wp-json\/wp\/v2\/giftcard-category?post=3297"}],"curies":[{"name":"wp","href":"https:\/\/api.w.org\/{rel}","templated":true}]}}