
{"id":3846,"date":"2022-11-04T02:40:20","date_gmt":"2022-11-04T02:40:20","guid":{"rendered":"https:\/\/ecopipo.com\/tienda\/moms-babies\/?post_type=product&#038;p=3846"},"modified":"2025-05-28T19:40:13","modified_gmt":"2025-05-29T01:40:13","slug":"detergente","status":"publish","type":"product","link":"https:\/\/tiendas.ecopipo.com\/moms-babies\/producto\/detergente\/","title":{"rendered":"Detergente"},"content":{"rendered":"<p class=\"prod_des\">Con el detergente para pa\u00f1ales Ecopipo aseguras el buen funcionamiento de tus pa\u00f1ales ecol\u00f3gicos, adem\u00e1s alarga la vida de los mismos, al ser libre de fosfatos, proteges los resortes, es hipoalerg\u00e9nico lo que ayuda al cuidado de la piel de tu beb\u00e9, no contiene aroma ni color, es ultra concentrado, por lo que una botella te puede durar 6 meses o m\u00e1s. Lo puedes utilizar en lavadoras convencionales y HE. Tambi\u00e9n lo puedes usar para lavar la ropa de tu beb\u00e9. Es recomendable lavar los pa\u00f1ales ecol\u00f3gicos por separado.<\/p>\n","protected":false},"excerpt":{"rendered":"<p class=\"prod_des\">El detergente para pa\u00f1ales Ecopipo, est\u00e1 especialmente fabricado para el lavado correcto de los pa\u00f1ales ecol\u00f3gicos, libre de fosfatos, hipoalerg\u00e9nico, sin aroma, biodegradable, libre de qu\u00edmicos t\u00f3xicos, adem\u00e1s protege la piel de t\u00fa beb\u00e9 y asegura el buen funcionamiento y cuidado de los pa\u00f1ales ecol\u00f3gicos<\/p>\n","protected":false},"featured_media":7385,"template":"","meta":[],"product_cat":[261],"product_tag":[],"giftcard-category":[],"class_list":{"0":"post-3846","1":"product","2":"type-product","3":"status-publish","4":"has-post-thumbnail","6":"product_cat-cuidado","8":"first","9":"instock","10":"taxable","11":"shipping-taxable","12":"purchasable","13":"product-type-variable","14":"rtwpvg-product"},"_links":{"self":[{"href":"https:\/\/tiendas.ecopipo.com\/moms-babies\/wp-json\/wp\/v2\/product\/3846","targetHints":{"allow":["GET"]}}],"collection":[{"href":"https:\/\/tiendas.ecopipo.com\/moms-babies\/wp-json\/wp\/v2\/product"}],"about":[{"href":"https:\/\/tiendas.ecopipo.com\/moms-babies\/wp-json\/wp\/v2\/types\/product"}],"wp:featuredmedia":[{"embeddable":true,"href":"https:\/\/tiendas.ecopipo.com\/moms-babies\/wp-json\/wp\/v2\/media\/7385"}],"wp:attachment":[{"href":"https:\/\/tiendas.ecopipo.com\/moms-babies\/wp-json\/wp\/v2\/media?parent=3846"}],"wp:term":[{"taxonomy":"product_cat","embeddable":true,"href":"https:\/\/tiendas.ecopipo.com\/moms-babies\/wp-json\/wp\/v2\/product_cat?post=3846"},{"taxonomy":"product_tag","embeddable":true,"href":"https:\/\/tiendas.ecopipo.com\/moms-babies\/wp-json\/wp\/v2\/product_tag?post=3846"},{"taxonomy":"giftcard-category","embeddable":true,"href":"https:\/\/tiendas.ecopipo.com\/moms-babies\/wp-json\/wp\/v2\/giftcard-category?post=3846"}],"curies":[{"name":"wp","href":"https:\/\/api.w.org\/{rel}","templated":true}]}}