
{"id":4273,"date":"2022-11-08T12:03:53","date_gmt":"2022-11-08T18:03:53","guid":{"rendered":"https:\/\/ecopipo.com\/tienda\/moms-babies\/?post_type=product&#038;p=4273"},"modified":"2025-04-06T00:02:45","modified_gmt":"2025-04-06T06:02:45","slug":"toallitas-desmaquillantes","status":"publish","type":"product","link":"https:\/\/tiendas.ecopipo.com\/moms-babies\/producto\/toallitas-desmaquillantes\/","title":{"rendered":"Desmaquillantes"},"content":{"rendered":"<p>Nuestras desmaquillantes est\u00e1n elaboradas con telas suaves para tu piel, por un lado son de algod\u00f3n y por el otro de microfleece que es a\u00fan m\u00e1s suave, son auxiliares en tu rutina de belleza diaria, gracias a su forma de gota, puedes llegar a zonas delicadas como los p\u00e1rpados. Lo mejor de todo es que son reutilizables, muy f\u00e1ciles de lavar, pues las puedes meter a la lavadora y su secado es r\u00e1pido, lo recomendable es tender a la sombra. Su presentaci\u00f3n es de seis piezas por paquete, arma tu rutina de belleza e incl\u00fayelas en ella, cuidemos el planeta juntas.<\/p>\n","protected":false},"excerpt":{"rendered":"<p>Util\u00edzalas y reutil\u00edzalas para tu rutina de belleza diaria, puedes retirar maquillaje, rimel o labial a\u00f1adiendo agua micelar o tu desmaquillante favorito. Gracias a su forma de gota, puedes llegar a zonas delicadas como los p\u00e1rpados sin lastimarte. Son suaves al contacto con la piel.<\/p>\n","protected":false},"featured_media":5340,"template":"","meta":[],"product_cat":[314],"product_tag":[],"giftcard-category":[],"class_list":{"0":"post-4273","1":"product","2":"type-product","3":"status-publish","4":"has-post-thumbnail","6":"product_cat-mujer","8":"first","9":"instock","10":"taxable","11":"shipping-taxable","12":"purchasable","13":"product-type-simple"},"_links":{"self":[{"href":"https:\/\/tiendas.ecopipo.com\/moms-babies\/wp-json\/wp\/v2\/product\/4273","targetHints":{"allow":["GET"]}}],"collection":[{"href":"https:\/\/tiendas.ecopipo.com\/moms-babies\/wp-json\/wp\/v2\/product"}],"about":[{"href":"https:\/\/tiendas.ecopipo.com\/moms-babies\/wp-json\/wp\/v2\/types\/product"}],"wp:featuredmedia":[{"embeddable":true,"href":"https:\/\/tiendas.ecopipo.com\/moms-babies\/wp-json\/wp\/v2\/media\/5340"}],"wp:attachment":[{"href":"https:\/\/tiendas.ecopipo.com\/moms-babies\/wp-json\/wp\/v2\/media?parent=4273"}],"wp:term":[{"taxonomy":"product_cat","embeddable":true,"href":"https:\/\/tiendas.ecopipo.com\/moms-babies\/wp-json\/wp\/v2\/product_cat?post=4273"},{"taxonomy":"product_tag","embeddable":true,"href":"https:\/\/tiendas.ecopipo.com\/moms-babies\/wp-json\/wp\/v2\/product_tag?post=4273"},{"taxonomy":"giftcard-category","embeddable":true,"href":"https:\/\/tiendas.ecopipo.com\/moms-babies\/wp-json\/wp\/v2\/giftcard-category?post=4273"}],"curies":[{"name":"wp","href":"https:\/\/api.w.org\/{rel}","templated":true}]}}